 when (-3 - -2 - z)/2 is divided by 2?
1
Calculate the remainder when (1/2)/(-3*3/(-2178)) is divided by 7.
2
Let p(o) = 2*o**2 + 182*o - 2354. Calculate the remainder when p(12) is divided by 15.
13
Let m = -1778 + 3169. Calculate the remainder when m is divided by 235.
216
Let b(f) = -f - 68. Let c be b(-23). Let i = 69 + c. What is the remainder when 84 is divided by i?
12
Let y = 1313 - 1300. Let z(s) = -s**3 + 20*s**2 - 22*s - 107. What is the remainder when z(18) is divided by y?
2
Suppose -23 = 4*l + 19*l. Calculate the remainder when (58/(-58))/(l + (-14)/(-15)) is divided by (-4)/((1/1)/(-1)).
3
Suppose 90*b = -3*f + 85*b + 2390, -2410 = -3*f - b. What is the remainder when f is divided by 73?
2
Suppose -x = x - 164. What is the remainder when x is divided by (44/56 - (-14)/(-49))*8?
2
Let k = -144 + 150. Suppose -9 = -k*x + 27. Let l = 112 - 62. Calculate the remainder when l is divided by x.
2
Suppose 5*r = -2*q + 20, -6*r + 4 = -5*r - 3*q. Suppose 829 = r*i + 73. What is the remainder when i is divided by 11?
2
Let x = -6 - -8. Let r = -100448 - -100510. Calculate the remainder when r is divided by x/2*17 + -1.
14
Suppose 0 = 4*p + c - 105, -3*c - 30 = -2*p + c. Let w = 112734 - 112610. What is the remainder when w is divided by p - (-2 + (-1 - -3))?
24
Let l = -7 + 32. Let s = -3 - l. Let g = s + 42. What is the remainder when 36 is divided by g?
8
What is the remainder when 6100 is divided by 435/10*(-70)/(-105) - -12?
32
Suppose -5*o = 2*p + 83, -p + 4*o = 5*o + 49. Let z = 79 + p. What is the remainder when 197 is divided by z?
22
Let m(y) = -210*y**3 + 10*y**2 + 33*y + 22. Calculate the remainder when m(-2) is divided by 41.
36
Suppose -1234*r - 416 = -1242*r. Calculate the remainder when 2234 is divided by r.
50
Let q be ((-64)/48)/((-4)/42). Suppose 0 = q*n - 227 - 137. Calculate the remainder when n is divided by 20.
6
Let m(v) = 13*v - 152. Let o be m(12). Suppose 14*l + 24 = 17*l + 2*n, -o*n = -2*l + 32. What is the remainder when 369 is divided by l?
9
Let u = 639 + -634. Suppose -a + u*q + 44 = 0, -8*q - 365 = -5*a - 12*q. Calculate the remainder when 268 is divided by a.
61
Let v be 8/40 - 72/(-15). Suppose 0 = v*p + 4*f - 41, 2*p + 5*f = 53 - 23. Suppose -p*n + 102 = -243. Calculate the remainder when n is divided by 14.
13
Let f(l) = -l**2 - 13*l - 2. Let t be f(-13). Calculate the remainder when 864/(-27)*8/t is divided by 19.
14
Suppose 0 = l - 11 + 10. Let m(o) = -o**3 + 4*o**2 + 3*o - 8. Calculate the remainder when ((-1)/l)/((-14)/196) is divided by m(4).
2
Let k = 611 - 447. What is the remainder when 408 is divided by k?
80
Suppose 0 = 4*t - 5*d - 47, -2*t - 5*d = t - 79. Suppose t*a - 686 = 4*a. What is the remainder when a is divided by 13?
10
Suppose 18*r - 25*r = -21. Suppose 4*k = r - 7, -3*k = 2*i - 83. Suppose -i = -h + 3*a, -h = -5*h + 5*a + 158. What is the remainder when h is divided by 22?
15
Suppose 5*n + 15*a - 1466 = 16*a, 3*n = 5*a + 884. Let y = 308 - n. Calculate the remainder when 224 is divided by y.
14
Let f(g) = g**2 + 10*g - 64. Let s(d) = -d**2 - 11*d + 66. Let i(y) = 7*f(y) + 6*s(y). Calculate the remainder when 115 is divided by i(-12).
27
What is the remainder when ((-135)/30)/(18/(-168)) is divided by 28?
14
Let b be (22/6)/(-4 + (-572)/(-144)). Let s = b + 134. Suppose 5*a = 26 - 1. Calculate the remainder when a is divided by s.
1
Suppose -25 = -5*l, -47*m + 3*l = -45*m - 203. Let z = m - 92. What is the remainder when z is divided by 4?
1
Suppose 16*n - 240 = 14*n. Suppose 8*z - n = 3*z. What is the remainder when 87 is divided by (45/2)/(18/z)?
27
Suppose -4*o + 392 = -92. Let j = 122 - o. What is the remainder when 70 is divided by (-3)/j*(-8 + 98/(-21))?
32
Let k = 242 + -314. Calculate the remainder when 189 is divided by k/10*185/(-111).
9
Let l = 222286 + -222207. Calculate the remainder when l is divided by 1 + 0 + 74/2.
3
Let q(i) = -57*i + 654. Let g(j) = -28*j + 326. Let a(y) = 5*g(y) - 3*q(y). Calculate the remainder when 149 is divided by a(12).
29
Suppose -4*d = -4*k + 268, 0 = -5*k - d + 26 + 285. Suppose 45*n = 36*n + k. Let m(y) = -2*y - 9. What is the remainder when m(-10) is divided by n?
4
Let x be 3*(0 + (-67)/(-3)). Suppose 8*s + 27 = x. Calculate the remainder when 13 is divided by s.
3
Suppose 0 = 2*q - 0*q - 362. Suppose -171*o = -164*o - 7651. Suppose -1094*y = -o*y - 14. Calculate the remainder when q is divided by y.
13
Let r be -1*(36/48 + (-46)/8). Let s(c) = r + 14 - c - 8. Calculate the remainder when 2 is divided by s(10).
0
Let h = -1995 + 2018. Calculate the remainder when 279 is divided by h.
3
Let y = 19 + -6. Let x(m) = m**2 + 170*m - 3751. What is the remainder when x(20) is divided by y?
10
What is the remainder when 124 is divided by (-477*(-22)/396)/(1/2)?
18
Suppose -4*o = -x - 4186 + 1222, 0 = o - x - 741. What is the remainder when o is divided by 6?
3
Suppose 26 = t - 2. Suppose 16*j = 116 - 36. Suppose j*p - 406 = 3*b, 2*p - 2*b - 176 + 16 = 0. What is the remainder when p is divided by t?
27
Calculate the remainder when 1364 is divided by (4 + 4 + -4)/((-132)/(-1617)).
41
Suppose -4*c = l - 743, -536 = -3*c - 3*l - 2*l. Calculate the remainder when c is divided by 34.
17
Suppose -5*v + 5*j = -735, v + 12*j - 151 = 15*j. What is the remainder when v is divided by (78/(-117))/((-2)/51)?
9
Let b = -40 + 104. Let f = 15831 + -15643. Calculate the remainder when f is divided by b.
60
Let y(v) be the third derivative of 5*v**5/12 - 5*v**4/24 + v**3 + 51*v**2. Calculate the remainder when y(1) is divided by 6.
2
Let t = 32 - 60. Let b = 65 + t. Suppose 309 = 3*l - 0*l. Calculate the remainder when l is divided by b.
29
Suppose 4*g + 3*g = 413. Suppose 18*l = g*l - 6027. What is the remainder when l is divided by 31?
23
Let x(z) = 16 + 10*z**2 + z**3 + 4*z + 9*z - z. Let d be x(-8). Suppose d = 4*v - v. Calculate the remainder when 30 is divided by v.
14
Let b = -313 - -317. Suppose -2*r + z = -616, 26*z - 23*z + 1232 = b*r. What is the remainder when r is divided by 52?
48
Let w = 42 + -39. Let x be 8/2 + 159 - w. Suppose 6*t = 2*t + x. Calculate the remainder when t is divided by 7.
5
Suppose 5*m = 4*y - 2, 2*y + 4*m = 3*m - 6. What is the remainder when 167 is divided by (-30 + 44)/((-1)/y)?
27
Let d be (((-91)/14)/(-13))/((-1)/(-140)). Suppose 0 = 14*x - 9*x - d. Calculate the remainder when 151 is divided by x.
11
Suppose 6*w + 842 + 1750 = 0. Let t = -413 - w. What is the remainder when 187 is divided by t?
16
Let w(p) = 9*p**2 + 6*p + 23. Let o(v) = -2*v**2 - 1. Let r(b) = -6*o(b) + w(b). What is the remainder when r(-3) is divided by 67?
66
Suppose -3*l = -4*c + 57, c - 3*l - 24 = l. Let o(j) = 19*j + 7. Let d be (-8)/(-12)*3 + 2. Calculate the remainder when o(d) is divided by c.
11
Let i = 17 - 7. Let a be 6*(-14)/(-6) - 0. Suppose 5 = j - a. Calculate the remainder when j is divided by i.
9
Suppose 0 = -4*a + 16, -2*z + 3*z + 3*a = 64. Suppose 46*c = z*c - 1980. What is the remainder when c is divided by 106?
12
Let l = 306 + -172. Let n(r) = -38*r**2 - 8057*r - 188. What is the remainder when l is divided by n(-212)?
14
Let i be -2 - (-6 - 44 - (2 + 0)). Let n = 92 - i. What is the remainder when n is divided by (-1 - -4) + -3 + 22?
20
Let y = -39 - -42. Suppose y*k - 7*k = -44. Calculate the remainder when 64 is divided by k.
9
Suppose 24*m - 190 = 74. Calculate the remainder when 533 is divided by m.
5
Let s(z) = -8*z**2 + 17*z - 8. Let x(q) = -7*q**2 + 16*q - 9. Let p(y) = 5*s(y) - 6*x(y). What is the remainder when p(9) is divided by 38?
1
Suppose 95 = 2*t - 13. Suppose 2*y = 8*y - t. What is the remainder when y is divided by 2 - (-3 + 0 + 3)?
1
Let v(i) = i**3 + 19*i**2 + 16*i - 54. Let a be v(-18). Let s(l) = l**2 + 14*l + 40. What is the remainder when s(a) is divided by 30?
22
Let z = 4910 - 4899. What is the remainder when 204 is divided by z?
6
Suppose -60 = -4*b + 1016. Let d = b - 58. Calculate the remainder when d is divided by 31.
25
Let o(v) = 427*v**2 - 7*v + 11. What is the remainder when o(-2) is divided by 346?
3
What is the remainder when (-58 - -573)/((-45)/(-18)) is divided by 59?
29
What is the remainder when 13 - (98/7 + -556) is divided by 16?
11
Suppose m = 3*t - 1294, 3*m = -11*t + 10*t + 418. Calc